23 + 3746 = 5*h, -h - 2*o + 713 = 0. List the prime factors of h.
7, 101
Let t(w) = 19*w**2 + 6*w - 14. Let c(v) = -13*v**2 - 4*v + 9. Let z(n) = 7*c(n) + 5*t(n). List the prime factors of z(3).
5, 7
Let z(w) = 31*w + 15. Let m(d) = -340*d - 164. Let t(c) = -3*m(c) - 32*z(c). List the prime factors of t(3).
2, 3
Suppose -6 = -g - 2*l, 2*g + 1 - 9 = -2*l. Suppose -2*y + 1 - 3 = -i, -2*y = -g*i + 4. Suppose -2*v + 5*v - 147 = y. What are the prime factors of v?
7
Let y(m) = m + 0*m**3 + 4*m**3 + 0*m**3 + m**3. Let h be y(-1). What are the prime factors of (-28)/h*(-6)/(-4)?
7
Let g = -591 + 1080. List the prime factors of g.
3, 163
Let j = 35 + -33. What are the prime factors of (j + 508/(-8))*-2?
3, 41
Suppose -10*z = -1163 - 767. List the prime factors of z.
193
Suppose -3974 = -5*k + 2*n + 7355, -2*k + 5*n + 4540 = 0. What are the prime factors of k?
3, 5, 151
Let o = 8 + -2. Suppose -5*s + 0*m = -m - 16, 3*m + o = s. Suppose s*f - 1 = 35. List the prime factors of f.
2, 3
Suppose -16264 + 1336 = -16*m. List the prime factors of m.
3, 311
Let m(n) be the first derivative of 2*n**3/3 + 2*n**2 - 8*n - 4. Let i be m(-6). List the prime factors of (-8)/i + 122/10.
2, 3
Suppose 0 + 12 = 2*r. Suppose r - 28 = -2*g. Let t = g - -20. List the prime factors of t.
31
Let u(k) = 2*k**2 + 10*k - 109. What are the prime factors of u(-20)?
491
Suppose r = -4*r. Let f be r + 3/(6/10). Suppose -2*t + 3*k + 4 = 0, -5*t - f*k + 37 = 2. What are the prime factors of t?
5
Let l be (29 + -28)/((-1)/(-2)). Suppose -u - l = 0, 4*u - 724 = -4*d + d. What are the prime factors of d?
2, 61
Let y = -1679 - -2977. What are the prime factors of y?
2, 11, 59
Suppose 32 = 4*n - 4*k, -3*n = -0*k - 5*k - 34. Suppose -s - 364 = -5*u, n*u - 272 = -u - 4*s. Let p = -22 + u. What are the prime factors of p?
2, 5
Suppose 5*i = -2*i - 49. Let c = -11 + i. Let s = 33 + c. List the prime factors of s.
3, 5
Let c(n) = -9 + 4*n + 5 + 6. What are the prime factors of c(5)?
2, 11
Let q(m) = m + 4. Let f(d) = 1. Let p(t) = -2*f(t) - q(t). Let b be p(-6). Let w(a) = a**3 + a**2 + a + 5. What are the prime factors of w(b)?
5
Suppose 4*x = v + 15, -x - 2*v = 2*v - 25. Suppose x*t + 2*m + 0*m - 255 = 0, 0 = -m. List the prime factors of t.
3, 17
Suppose 0 = 2*u - 168 - 1196. Suppose -4*w + 498 = -u. What are the prime factors of w?
5, 59
Let a be 270/(-4)*2*(-4)/6. Suppose s - 3*s = -a. List the prime factors of s.
3, 5
Let w(x) = x**2 + 7*x - 71. List the prime factors of w(-17).
3, 11
Let p(k) = k + 15. Let a be p(15). What are the prime factors of (-36)/a*(-70)/2?
2, 3, 7
Suppose 0 = -12*l - 8*l + 9840. What are the prime factors of l?
2, 3, 41
Let m be 396/10 - (-8)/20. Suppose 0 = -6*o + o + m. Suppose 41 = 2*b + 5*h, -4*b = -o*b + h + 93. List the prime factors of b.
23
Let s(t) = -2*t + 12. Let k be s(4). Let d(r) = 2*r**2 - 14*r + 13. Let o(i) = i - 1. Let n(a) = k*o(a) + d(a). What are the prime factors of n(7)?
37
Let u be 2 + -1 - (0 - 2). Let f be 0/(-2 + -3 + u). Suppose f*p + p = 18. List the prime factors of p.
2, 3
Let r be (120/(-42))/((-2)/7). Suppose 0 = -s - 5, 5*z + 2*s + r = -3*s. List the prime factors of -3 - 6/z*-24.
3, 5
Suppose 4410 = 6*w - 12570. List the prime factors of w.
2, 5, 283
Suppose -3*t + 232 = 28. Let m = -28 + t. What are the prime factors of m?
2, 5
Suppose -9 - 3 = -2*m. Let f be (-3)/6*m - -8. Suppose 5*q - 28 = -3*p, -2*q + f*p + 33 = -3. List the prime factors of q.
2
Let h be 2 - (0 + 1) - 0. Suppose -2*y - 45 + 51 = 0. Suppose -h - y = -r. List the prime factors of r.
2
Suppose 0 = -19*v + 16999 + 38025. List the prime factors of v.
2, 181
Let g(l) = l**3 + 27*l**2 + 17*l + 9. List the prime factors of g(-25).
2, 3, 139
Suppose 2*v = 3*j - 35, -49 = -3*j + v - 9. Suppose -4*l - l = -j. Let d(u) = u**3 - 2*u**2 - u - 3. What are the prime factors of d(l)?
3
Let c(v) = -v + 15. Let b be c(0). Suppose -3*x - 21 = -39. Suppose -b = -3*q + x. List the prime factors of q.
7
Suppose 5*d - 3*q - 2*q - 1235 = 0, 1000 = 4*d - q. What are the prime factors of d?
251
Let l(g) = g**2 + 5*g + 9. Let p = 9 - 15. List the prime factors of l(p).
3, 5
Suppose -3*j + l = -1441, 0 = 5*j - 5*l - 2752 + 367. List the prime factors of j.
2, 241
Let g(l) be the third derivative of l**4/24 + 4*l**3/3 + 4*l**2. Let w be g(-4). List the prime factors of 3*w*56/12.
2, 7
Let m(t) = 205*t + 23. Let v(i) = 51*i + 6. Let c(y) = -2*m(y) + 9*v(y). List the prime factors of c(2).
2, 53
Let g be 15/(1*3/24). Suppose -15 = 4*h - 3*l, -25 = 2*h + 3*l - 8*l. Suppose s - 6*s = 15, -3*t - s + g = h. What are the prime factors of t?
41
Let c be (-2)/2 - 501*-1. List the prime factors of c/18 + -6*(-4)/108.
2, 7
Suppose 4*j - 271 + 31 = 0. Suppose -3*k + 0*q = 2*q - j, -4*k + 85 = q. Suppose -x - 3*y + k = 0, 1 = x - 3*y - 39. List the prime factors of x.
31
Suppose -6 + 18 = 2*u. What are the prime factors of u/8 + ((-770)/(-8) - 2)?
5, 19
Suppose -b = -7*b + 960. Suppose -b = -3*n + 179. What are the prime factors of n?
113
Let d be 101228/60 - (0 + (-6)/(-45)). Suppose 6*z = -z + d. List the prime factors of z.
241
What are the prime factors of 6 + (-4)/(24/(-2706))?
457
Suppose 2*b = 206 - 76. What are the prime factors of b?
5, 13
Let u = -9 + 11. Suppose -4*y = n - 26, -5*y - u = -4*y - 4*n. Let c = y + 5. What are the prime factors of c?
11
Let f be -9 - -14 - (0 - 0). Suppose 2*j = 3*d - 2*d + 449, -4*d = -f*j + 1130. What are the prime factors of j?
2, 3, 37
Let i(p) = p**2 + 3*p - 3. Let s = 6 + -6. Suppose -z - 31 = -5*k, s*z + k - 17 = 2*z. List the prime factors of i(z).
3, 5
Let d(i) be the third derivative of -13*i**4/24 - 11*i**3/6 - 10*i**2. What are the prime factors of d(-2)?
3, 5
Let v(q) = -2*q**3 - 3*q**2 + 1. Let h(m) = m**2 + 3*m - 7. Let y be h(-5). Let w be v(y). List the prime factors of 14/4*w/(-28).
2, 5
Suppose 2*k - 72 = -5*f, -2*k = -3*k - 2*f + 34. Suppose 0 = 2*n - 2*z + 32, -3*n - 2*z - 22 = 26. Let o = k + n. List the prime factors of o.
2, 5
List the prime factors of (142625/(-326))/(2/(-20)).
5, 7
Let o(r) = -62*r + 38. Let p(a) = 31*a - 18. Let c(j) = -4*o(j) - 9*p(j). List the prime factors of c(-6).
2, 7
Let u(q) = 8*q - 17. Let s(m) = -3*m + 6. Let z(w) = -11*s(w) - 4*u(w). Let a be z(-2). List the prime factors of 32 + a + -2 + -1.
29
Suppose -2*b + 347 = -703. Suppose b = 3*d + 3*s, 5*s = d - 195 + 50. What are the prime factors of d?
2, 5, 17
Suppose -5*y + 7 - 1 = z, 2*y + 4*z + 12 = 0. Let w be 1 - ((-2 - 4) + y). Suppose 5*o - 15 = w*m, 2*m + 2*m = 3*o - 7. What are the prime factors of m?
2
Let z(v) = -v**2 + 2 + 3*v**2 + 4*v + 2*v - 2*v - 3*v**3. Let t be z(-2). Suppose -3*b + 4*b - t = 0. List the prime factors of b.
2, 13
Suppose 0 = -0*t + 2*t - 4*j - 354, 4*j = -5*t + 885. What are the prime factors of t?
3, 59
Suppose -s = -5*p + 1, s = 2*p - 1 - 0. List the prime factors of 122 + 5 + (-3 - p) - 1.
3, 41
Let v be (3 + -2)/(2/(-172)). Suppose -283 = -5*k + 372. Let n = v + k. What are the prime factors of n?
3, 5
What are the prime factors of -2 + (-6 - 4) + 2401?
2389
Let y(z) = 373*z**3 - z**2 + 6*z - 7. What are the prime factors of y(1)?
7, 53
Suppose -x + 133 + 69 = 0. List the prime factors of x.
2, 101
Let h be (4/2 - (5 + -4))*-3. What are the prime factors of 41 - ((-2 - h) + 2)*-1?
2, 11
What are the prime factors of (9 - (-202 + -4))/(1/2)?
2, 5, 43
Let d be (-6)/(-30) - 268/(-10). What are the prime factors of (-3 + d - -3) + 4?
31
Let c(p) = p**3 - p**2 - p - 1. Suppose -v + 3 = -4*v. Let y(x) = -6*x**3 + 4*x**2 + 4. Let f(t) = v*y(t) - 4*c(t). List the prime factors of f(2).
2, 3
Suppose -3*m + 11 = 3*n - m, 20 = 4*n + 4*m. Suppose 5*k = 4 + n. Let f = 10 + k. What are the prime factors of f?
11
Let d(a) = a**2 + 11*a - 4. Let r be d(-12). Suppose 3*l - r*l = -25. What are the prime factors of l?
5
Let q(y) = -182*y**3 + 2*y**2 - 8*y - 9. What are the prime factors of q(-1)?
3, 61
Let a = 17 - 13. Suppose 4*n - 4 = -4*y, -4 = -0*y - 3*y - a*n. Suppose y = z + 12 - 39. What are the prime factors of z?
3
Let f(d) = -2*d + 15. Let z = -13 - -20. Let g be f(z). What are the prime factors of 10/25*(36 - g)?
2, 7
Suppose 0 = -2*k - 4*o - 8 - 20, -3*o - 49 = 5*k. Let r(d) = -3*d + 8. List the prime factors of r(k).
2
Supp